 and u?
7
Let f be (-1476)/(-205)*(-40)/(-6). What is the highest common factor of 168 and f?
24
Suppose 3 = 4*j - 5, v = -2*j + 7. What is the greatest common factor of v and 1?
1
Let j = 3 - 2. Suppose -2*o = -0*o - 3*f + 8, 2*o + 2*f = -8. Let s be (6/o)/(2/(-12)). What is the highest common factor of j and s?
1
Let s = 53 - 18. Let p = -21 + s. What is the highest common divisor of 21 and p?
7
Let g be 2/15 + 4940/75. What is the greatest common divisor of g and 11?
11
Suppose 0 = f - 2*k - 32, 5*f - 5 - 168 = -3*k. Suppose -4*w = -f - 166. What is the highest common factor of w and 20?
10
Suppose 16*r - 660 = 380. What is the greatest common factor of r and 715?
65
Let n be 4/10 - (-90)/25. Suppose -4*z - 4*q = -44, -z - 3*q + 13 = -n*q. What is the highest common divisor of 132 and z?
12
Suppose -8 = -2*x + 3*t, 3*x = -5*t + 41 - 10. Suppose 0 = -3*d + 4*d - x. What is the highest common divisor of 63 and d?
7
Suppose -27 = w + 3*u + 2, 46 = -2*w - 2*u. Let h be ((-60)/8)/(6/w). Calculate the greatest common factor of h and 5.
5
Let i = 387 - 123. What is the highest common factor of i and 24?
24
Let l be ((-995)/10 + 2/4)/(-1). What is the highest common divisor of l and 11?
11
Let p(j) = j**2 + 0*j**2 + 14*j + 28 - 15. Let h be p(-14). Let s = h + -9. Calculate the greatest common divisor of s and 20.
4
Suppose c + 3*c - 44 = 0. What is the highest common factor of 121 and c?
11
Let f = -6 + 3. Let v(t) = -4*t - 4. Let p be v(f). Let m be 3 + (3 - 4/2). Calculate the highest common factor of p and m.
4
Let a be 3/(-2)*(-208)/156. What is the greatest common divisor of 22 and a?
2
Let a(u) = -u**3 - 5*u**2 + 5*u - 8. Suppose -6 - 2 = z. Let b be a(z). Suppose -4*y = -2*y - 32. What is the greatest common factor of y and b?
16
Suppose -189 = -2*h + 31. What is the greatest common factor of 10 and h?
10
Suppose 12*u - 14*u + 102 = 0. Let j be u*(24/(-9))/(-4). Calculate the greatest common factor of j and 17.
17
Let h = 5 + -5. Let f be h + 3 - 6 - -38. Let x be (3 - 1)*21/6. Calculate the highest common divisor of f and x.
7
Let a(s) = 9*s + 3. Let y be a(6). Calculate the highest common divisor of 19 and y.
19
Suppose -k + 12 = 3*k + 3*r, -2*k + 32 = -5*r. Let q(v) = 4*v**2 - 2*v. Let c be q(-3). Calculate the highest common factor of c and k.
6
Suppose d - t = 1, -3*d = -d + 5*t - 9. Suppose 2*b = k + k, 2*k = 3*b - d. Suppose 0 = -0*x - k*x + 34. Calculate the highest common factor of x and 119.
17
Suppose 90*a - 88*a - 46 = 0. Calculate the greatest common divisor of a and 253.
23
Let p be (-3 - -4)/((-2)/(-14)). Suppose p*z - 10*z = -57. Let q be 21*2*38/12. Calculate the greatest common divisor of q and z.
19
Let i = 525 + 579. Suppose h + 160 + i = 0. Let o be 6/(-27) - h/18. Calculate the greatest common divisor of o and 10.
10
Suppose 4*q + p = -159, 0 = -0*q - 4*q + 5*p - 165. Let t = q - -79. Let c(g) = -3*g - 8. Let s be c(-7). Calculate the greatest common divisor of s and t.
13
Let c be 76 + (1/4)/(4/16). Let f = 17 + -10. Calculate the highest common divisor of c and f.
7
Let v be (-6)/4*(-1824)/36. Calculate the greatest common factor of v and 19.
19
Suppose 4*o + 1 = 5, -2*o = 2*l - 10. Let q be 122/6 - l/(-6). Calculate the highest common factor of q and 7.
7
Let m(p) = p**3 - 5*p**2 + 6*p - 12. Let h be m(5). Let t = 2 + 2. Suppose -t*r + 42 + 138 = 0. Calculate the highest common factor of h and r.
9
Suppose 110 - 419 = -4*f - 3*q, -f = -4*q - 101. Let r be (-64)/(-12)*f/4. What is the greatest common factor of 12 and r?
12
Suppose -b = -4*z - 21 - 13, -4*b - 5*z = -94. Calculate the greatest common divisor of 260 and b.
26
Let t be (-2)/7 + (-6520)/(-35). Let f = -131 + t. Let o be (-224)/(-10) - (-6)/(-15). What is the greatest common factor of o and f?
11
Let n(a) = -a**3 - 6*a**2 + 7*a + 10. Let j be 4/(-6) + (-76)/12. Let y be n(j). What is the highest common factor of y and 20?
10
Suppose -2*v + 4*v = -4. Let y be 65/v*(-4)/5. What is the highest common divisor of y and 65?
13
Let v = 252 + -247. Let j = 1 + 9. What is the highest common divisor of v and j?
5
Let y(d) = -d**2 + 10*d + 12. Let i be y(9). Let c = i + 19. Suppose 5*p - 64 = 2*o, p + 4*o = -3*p + c. What is the greatest common divisor of p and 108?
12
Let v be (125/10 - 0)*2. What is the highest common factor of v and 5?
5
Let u be 646/3 - (-4)/(-12). Suppose i = k - 44, -2*i + 40 = 5*k - u. Let c = 8 - 1. What is the highest common divisor of k and c?
7
Let u be (-32)/(-10) - 1/5. Suppose -u*b = -73 - 47. Suppose 4*n + 24 = 2*x, x - 7 = 3*n + 7. Calculate the highest common factor of x and b.
8
Suppose 2*b + 54 = 3*b. Suppose -n + 3*r + b = -0*r, -5*r - 251 = -4*n. Suppose -4*u + n = -91. What is the greatest common divisor of u and 16?
8
Suppose 5*s - 3*o - 374 = 0, 7*s + 5*o - 390 = 2*s. What is the highest common factor of 57 and s?
19
Let l be (-898)/(-10) - (-13)/65. What is the highest common divisor of l and 10?
10
Let z be 0/(-1)*-1 - -3. Let p(w) = -w**3 - 3*w**2 + 6*w + 6. Let a be p(-4). Let n = z + a. What is the greatest common factor of 8 and n?
1
Suppose 50 = m - 27. Let r(h) = -h + 11. Let d be r(0). Suppose 0 = -5*y + 2*z + 61, 5*y + z - d = 41. What is the highest common divisor of m and y?
11
Let l be (-3)/6 + (-11)/2. Let b be (-2)/4 + (-87)/l. What is the greatest common divisor of b and 35?
7
Let a(z) = -2*z + 3. Let r be a(-3). Let s = r - 2. Let c be (77/(-3))/(1/(-3)). Calculate the greatest common factor of s and c.
7
Suppose -7*h + 3*h = -52. Let c be -5 + -1 + 34 + 37. Calculate the highest common divisor of c and h.
13
Suppose 4 = -4*n, -3*n + 19 = 2*a + 2*n. What is the greatest common divisor of 6 and a?
6
Let l(g) = -14*g. Suppose 0 = -3*f - 3 - 0. Let q be l(f). Calculate the highest common factor of q and 126.
14
Let x(f) = -10*f - 4. Let p be x(-2). Calculate the greatest common factor of p and 2.
2
Suppose 0 = 4*i - 20, 0 = 2*s - 0*i - 4*i - 26. Calculate the greatest common factor of 253 and s.
23
Suppose 0*q - 4 = -4*q. Suppose 4*i + 22 = 3*m - i, 4*m = -3*i + 10. Calculate the highest common divisor of q and m.
1
Suppose -8 = 2*d, 0*k - 2*d = -k + 12. Suppose 0 = k*w - 4, -2*w - 38 = -2*c. Let z = -10 + c. What is the highest common factor of z and 50?
10
Suppose -w + 1 = -0*w - 2*n, 4*w + 4*n = -44. Let a be 572/91 + 2/w. Calculate the greatest common divisor of a and 9.
3
Let y = 225 - 170. What is the highest common divisor of 5 and y?
5
Let m be 3/(4/156 + 0). Suppose 12 = d + x, -6*d + 37 = -3*d + 2*x. Calculate the highest common factor of m and d.
13
Let k(g) = -2*g**2 + 4*g - 4. Let a be k(2). Let x be a*(-1)/(-8)*-6. Calculate the highest common divisor of x and 1.
1
Suppose 0 = 7*a + 14 - 98. Calculate the greatest common divisor of 6 and a.
6
Let c be 3/(-18) - (-62)/12. Let n = c + -2. Let k be (n/2)/(2/28). What is the greatest common divisor of 3 and k?
3
Let a = 51 + 66. What is the highest common factor of 13 and a?
13
Let p be ((-3)/6 - -1)*(-78)/(-3). Calculate the greatest common divisor of p and 91.
13
Let m(w) = w**2 - 18*w + 1. Let b be m(19). What is the highest common factor of 80 and b?
20
Let j(i) = i**3 + 9*i**2 + 8*i - 4. Let p be j(-6). Suppose -p = -5*y + 4*y. What is the highest common divisor of y and 7?
7
Suppose -2*w - 5*f + 7 = 0, w + 0*f + 5*f = -4. Calculate the greatest common divisor of w and 77.
11
Let r(m) = m**2 - 9*m - 9. Let b be r(10). Calculate the highest common factor of 10 and b.
1
Let w = 1042 + -736. Let h = 150 - 116. What is the highest common divisor of w and h?
34
Let p(m) be the third derivative of 13*m**4/24 - 5*m**3/6 - 3*m**2. Let r be p(5). What is the greatest common factor of r and 15?
15
Let n be 25*2 - (5 - 3). Suppose 2*i - n = -2*i. Calculate the highest common factor of 12 and i.
12
Suppose 3*b = 26 + 22. Let k be (0 - 0)/(2 + 0). Suppose -h + 120 + 24 = k. Calculate the greatest common factor of h and b.
16
Let y be ((-30)/24)/(2/(-8)). Calculate the greatest common factor of y and 45.
5
Let z be (24 + -4)*20/4. Calculate the highest common divisor of z and 25.
25
Let m be (-14)/5*(0 + -30). Let z be 48/4 - (-1 + 1). Calculate the highest common factor of z and m.
12
Let k be (-10)/4*(-87 - (3 - 0)). What is the greatest common divisor of